[INFO] cloning repository https://github.com/SOF3/fstree
[INFO] running `Command { std: "git" "-c" "credential.helper=" "-c" "credential.helper=/workspace/cargo-home/bin/git-credential-null" "clone" "--bare" "https://github.com/SOF3/fstree" "/workspace/cache/git-repos/https%3A%2F%2Fgithub.com%2FSOF3%2Ffstree", kill_on_drop: false }`
[INFO] [stderr] Cloning into bare repository '/workspace/cache/git-repos/https%3A%2F%2Fgithub.com%2FSOF3%2Ffstree'...
[INFO] running `Command { std: "git" "rev-parse" "HEAD", kill_on_drop: false }`
[INFO] [stdout] 5665df5cebc7aeb32e68ce49d32b1880dd81bbe2
[INFO] checking SOF3/fstree against try#72f88fc4e9458f89516a0b8b0868f3718aec5b47 for pr-74989
[INFO] running `Command { std: "git" "clone" "/workspace/cache/git-repos/https%3A%2F%2Fgithub.com%2FSOF3%2Ffstree" "/workspace/builds/worker-3/source", kill_on_drop: false }`
[INFO] [stderr] Cloning into '/workspace/builds/worker-3/source'...
[INFO] [stderr] done.
[INFO] validating manifest of git repo https://github.com/SOF3/fstree on toolchain 72f88fc4e9458f89516a0b8b0868f3718aec5b47
[INFO] running `Command { std: "/workspace/cargo-home/bin/cargo" "+72f88fc4e9458f89516a0b8b0868f3718aec5b47" "read-manifest" "--manifest-path" "Cargo.toml", kill_on_drop: false }`
[INFO] started tweaking git repo https://github.com/SOF3/fstree
[INFO] finished tweaking git repo https://github.com/SOF3/fstree
[INFO] tweaked toml for git repo https://github.com/SOF3/fstree written to /workspace/builds/worker-3/source/Cargo.toml
[INFO] running `Command { std: "/workspace/cargo-home/bin/cargo" "+72f88fc4e9458f89516a0b8b0868f3718aec5b47" "generate-lockfile" "--manifest-path" "Cargo.toml" "-Zno-index-update", kill_on_drop: false }`
[INFO] [stderr]     Blocking waiting for file lock on package cache
[INFO] running `Command { std: "/workspace/cargo-home/bin/cargo" "+72f88fc4e9458f89516a0b8b0868f3718aec5b47" "fetch" "--locked" "--manifest-path" "Cargo.toml", kill_on_drop: false }`
[INFO] [stderr]     Blocking waiting for file lock on package cache
[INFO] [stderr]     Blocking waiting for file lock on package cache
[INFO] [stderr]  Downloading crates ...
[INFO] [stderr]   Downloaded structopt-derive v0.4.10
[INFO] [stderr]   Downloaded proc-macro-error v1.0.4
[INFO] [stderr]   Downloaded actix-router v0.1.5
[INFO] [stderr]   Downloaded byte-unit v3.1.4
[INFO] [stderr]   Downloaded proc-macro-error-attr v1.0.4
[INFO] [stderr]   Downloaded derive_more v0.15.0
[INFO] [stderr]   Downloaded actix-testing v0.1.0
[INFO] [stderr]   Downloaded derive_more v0.99.10
[INFO] [stderr]   Downloaded socket2 v0.3.15
[INFO] [stderr]   Downloaded actix-service v0.4.2
[INFO] [stderr]   Downloaded actix-server v0.6.1
[INFO] [stderr]   Downloaded trust-dns-proto v0.7.4
[INFO] [stderr]   Downloaded actix-server-config v0.1.2
[INFO] [stderr]   Downloaded actix-threadpool v0.1.2
[INFO] [stderr]   Downloaded hashbrown v0.6.3
[INFO] [stderr]   Downloaded structopt v0.3.17
[INFO] [stderr]   Downloaded ahash v0.2.18
[INFO] [stderr]   Downloaded awc v0.2.8
[INFO] [stderr]   Downloaded trust-dns-resolver v0.11.1
[INFO] [stderr]   Downloaded filesize v0.1.0
[INFO] [stderr]   Downloaded actix-rt v0.2.6
[INFO] [stderr]   Downloaded actix-connect v0.2.5
[INFO] [stderr]   Downloaded actix-web v1.0.9
[INFO] [stderr]   Downloaded actix-web-codegen v0.1.3
[INFO] [stderr]   Downloaded actix-http v0.2.11
[INFO] [stderr]   Downloaded tokio-signal v0.2.9
[INFO] [stderr]   Downloaded actix-utils v0.4.7
[INFO] [stderr]   Downloaded include-flate-codegen-exports v0.1.3
[INFO] [stderr]   Downloaded count-write v0.1.0
[INFO] [stderr]   Downloaded include-flate-codegen v0.1.3
[INFO] [stderr]   Downloaded static_assertions v1.1.0
[INFO] [stderr]   Downloaded terminal_size v0.1.13
[INFO] [stderr]   Downloaded actix-files v0.1.7
[INFO] [stderr]   Downloaded include-flate v0.1.3
[INFO] running `Command { std: "docker" "create" "-v" "/var/lib/crater-agent-workspace/builds/worker-3/target:/opt/rustwide/target:rw,Z" "-v" "/var/lib/crater-agent-workspace/builds/worker-3/source:/opt/rustwide/workdir:ro,Z" "-v" "/var/lib/crater-agent-workspace/cargo-home:/opt/rustwide/cargo-home:ro,Z" "-v" "/var/lib/crater-agent-workspace/rustup-home:/opt/rustwide/rustup-home:ro,Z" "-e" "SOURCE_DIR=/opt/rustwide/workdir" "-e" "CARGO_TARGET_DIR=/opt/rustwide/target" "-e" "CARGO_HOME=/opt/rustwide/cargo-home" "-e" "RUSTUP_HOME=/opt/rustwide/rustup-home" "-w" "/opt/rustwide/workdir" "-m" "1610612736" "--user" "0:0" "--network" "none" "rustops/crates-build-env@sha256:d92eaeed33fa75130ca1ee6c8a01d1ffb62bac859dfdfb3450e3e5d1c0146529" "/opt/rustwide/cargo-home/bin/cargo" "+72f88fc4e9458f89516a0b8b0868f3718aec5b47" "metadata" "--no-deps" "--format-version=1", kill_on_drop: false }`
[INFO] [stdout] 9b49a882b8d7c74cbb011379d6e224ef68e36aabd34813419165795f607f9e17
[INFO] [stderr] WARNING: Your kernel does not support swap limit capabilities or the cgroup is not mounted. Memory limited without swap.
[INFO] running `Command { std: "docker" "start" "-a" "9b49a882b8d7c74cbb011379d6e224ef68e36aabd34813419165795f607f9e17", kill_on_drop: false }`
[INFO] running `Command { std: "docker" "inspect" "9b49a882b8d7c74cbb011379d6e224ef68e36aabd34813419165795f607f9e17", kill_on_drop: false }`
[INFO] running `Command { std: "docker" "rm" "-f" "9b49a882b8d7c74cbb011379d6e224ef68e36aabd34813419165795f607f9e17", kill_on_drop: false }`
[INFO] [stdout] 9b49a882b8d7c74cbb011379d6e224ef68e36aabd34813419165795f607f9e17
[INFO] running `Command { std: "docker" "create" "-v" "/var/lib/crater-agent-workspace/builds/worker-3/target:/opt/rustwide/target:rw,Z" "-v" "/var/lib/crater-agent-workspace/builds/worker-3/source:/opt/rustwide/workdir:ro,Z" "-v" "/var/lib/crater-agent-workspace/cargo-home:/opt/rustwide/cargo-home:ro,Z" "-v" "/var/lib/crater-agent-workspace/rustup-home:/opt/rustwide/rustup-home:ro,Z" "-e" "SOURCE_DIR=/opt/rustwide/workdir" "-e" "CARGO_TARGET_DIR=/opt/rustwide/target" "-e" "CARGO_INCREMENTAL=0" "-e" "RUST_BACKTRACE=full" "-e" "RUSTFLAGS=--cap-lints=forbid" "-e" "CARGO_HOME=/opt/rustwide/cargo-home" "-e" "RUSTUP_HOME=/opt/rustwide/rustup-home" "-w" "/opt/rustwide/workdir" "-m" "1610612736" "--user" "0:0" "--network" "none" "rustops/crates-build-env@sha256:d92eaeed33fa75130ca1ee6c8a01d1ffb62bac859dfdfb3450e3e5d1c0146529" "/opt/rustwide/cargo-home/bin/cargo" "+72f88fc4e9458f89516a0b8b0868f3718aec5b47" "check" "--frozen" "--all" "--all-targets" "--message-format=json", kill_on_drop: false }`
[INFO] [stdout] b7dc5629d57548429818f3a8287812557dcfa67f0c77006e2c7571911cebfcc6
[INFO] [stderr] WARNING: Your kernel does not support swap limit capabilities or the cgroup is not mounted. Memory limited without swap.
[INFO] running `Command { std: "docker" "start" "-a" "b7dc5629d57548429818f3a8287812557dcfa67f0c77006e2c7571911cebfcc6", kill_on_drop: false }`
[INFO] [stderr]    Compiling libc v0.2.77
[INFO] [stderr]     Checking cfg-if v0.1.10
[INFO] [stderr]    Compiling autocfg v1.0.1
[INFO] [stderr]     Checking lazy_static v1.4.0
[INFO] [stderr]    Compiling byteorder v1.3.4
[INFO] [stderr]    Compiling syn v1.0.40
[INFO] [stderr]    Compiling memchr v2.3.3
[INFO] [stderr]     Checking slab v0.4.2
[INFO] [stderr]    Compiling proc-macro2 v0.4.30
[INFO] [stderr]    Compiling unicode-xid v0.1.0
[INFO] [stderr]    Compiling autocfg v0.1.7
[INFO] [stderr]     Checking scopeguard v1.1.0
[INFO] [stderr]    Compiling syn v0.15.44
[INFO] [stderr]     Checking rand_core v0.4.2
[INFO] [stderr]    Compiling getrandom v0.1.15
[INFO] [stderr]    Compiling crc32fast v1.2.0
[INFO] [stderr]     Checking matches v0.1.8
[INFO] [stderr]     Checking tinyvec v0.3.4
[INFO] [stderr]    Compiling regex-syntax v0.6.18
[INFO] [stderr]    Compiling proc-macro-hack v0.5.18
[INFO] [stderr]     Checking adler v0.2.3
[INFO] [stderr]     Checking itoa v0.4.6
[INFO] [stderr]     Checking quick-error v1.2.3
[INFO] [stderr]    Compiling failure_derive v0.1.8
[INFO] [stderr]     Checking gimli v0.22.0
[INFO] [stderr]     Checking rustc-demangle v0.1.16
[INFO] [stderr]    Compiling serde v1.0.116
[INFO] [stderr]     Checking object v0.20.0
[INFO] [stderr]    Compiling bitflags v1.2.1
[INFO] [stderr]     Checking percent-encoding v1.0.1
[INFO] [stderr]     Checking copyless v0.1.5
[INFO] [stderr]     Checking match_cfg v0.1.0
[INFO] [stderr]     Checking percent-encoding v2.1.0
[INFO] [stderr]     Checking either v1.6.0
[INFO] [stderr]     Checking hashbrown v0.9.0
[INFO] [stderr]    Compiling httparse v1.3.4
[INFO] [stderr]     Checking arc-swap v0.4.7
[INFO] [stderr]     Checking mime v0.3.16
[INFO] [stderr]     Checking dtoa v0.4.6
[INFO] [stderr]     Checking pin-utils v0.1.0
[INFO] [stderr]     Checking sha1 v0.6.0
[INFO] [stderr]     Checking language-tags v0.2.2
[INFO] [stderr]    Compiling unicode-segmentation v1.6.0
[INFO] [stderr]    Compiling v_htmlescape v0.4.5
[INFO] [stderr]     Checking unicode-width v0.1.8
[INFO] [stderr]     Checking termcolor v1.1.0
[INFO] [stderr]     Checking adler32 v1.2.0
[INFO] [stderr]     Checking ansi_term v0.11.0
[INFO] [stderr]     Checking strsim v0.8.0
[INFO] [stderr]     Checking vec_map v0.8.2
[INFO] [stderr]     Checking pin-project-lite v0.1.7
[INFO] [stderr]     Checking bytes v0.5.6
[INFO] [stderr]     Checking static_assertions v1.1.0
[INFO] [stderr]     Checking byte-unit v3.1.4
[INFO] [stderr]     Checking webbrowser v0.5.5
[INFO] [stderr]     Checking count-write v0.1.0
[INFO] [stderr]     Checking filesize v0.1.0
[INFO] [stderr]     Checking actix-service v0.4.2
[INFO] [stderr]     Checking tokio-sync v0.1.8
[INFO] [stderr]    Compiling unicase v2.6.0
[INFO] [stderr]    Compiling proc-macro-error-attr v1.0.4
[INFO] [stderr]    Compiling proc-macro-error v1.0.4
[INFO] [stderr]     Checking lock_api v0.3.4
[INFO] [stderr]     Checking thread_local v1.0.1
[INFO] [stderr]     Checking unicode-bidi v0.3.4
[INFO] [stderr]    Compiling miniz-sys v0.1.12
[INFO] [stderr]    Compiling brotli-sys v0.3.2
[INFO] [stderr]     Checking rand_core v0.3.1
[INFO] [stderr]     Checking rand_jitter v0.1.4
[INFO] [stderr]     Checking humantime v1.3.0
[INFO] [stderr]     Checking unicode-normalization v0.1.13
[INFO] [stderr]    Compiling nom v4.2.3
[INFO] [stderr]     Checking lru-cache v0.1.2
[INFO] [stderr]     Checking futures-channel-preview v0.3.0-alpha.19
[INFO] [stderr]    Compiling crossbeam-utils v0.7.2
[INFO] [stderr]    Compiling miniz_oxide v0.4.2
[INFO] [stderr]    Compiling num-traits v0.2.12
[INFO] [stderr]    Compiling indexmap v1.6.0
[INFO] [stderr]    Compiling num-integer v0.1.43
[INFO] [stderr]    Compiling rand_chacha v0.1.1
[INFO] [stderr]    Compiling rand_pcg v0.1.2
[INFO] [stderr]    Compiling rand v0.6.5
[INFO] [stderr]    Compiling hashbrown v0.6.3
[INFO] [stderr]     Checking textwrap v0.11.0
[INFO] [stderr]    Compiling proc-macro2 v1.0.21
[INFO] [stderr]     Checking log v0.4.11
[INFO] [stderr]    Compiling heck v0.3.1
[INFO] [stderr]     Checking rand_hc v0.1.0
[INFO] [stderr]     Checking rand_xorshift v0.1.1
[INFO] [stderr]     Checking rand_isaac v0.1.1
[INFO] [stderr]     Checking tokio v0.2.22
[INFO] [stderr]     Checking ryu v1.0.5
[INFO] [stderr]     Checking encoding_rs v0.8.24
[INFO] [stderr]     Checking futures-util-preview v0.3.0-alpha.19
[INFO] [stderr]    Compiling libflate v0.1.27
[INFO] [stderr]     Checking aho-corasick v0.7.13
[INFO] [stderr]    Compiling quote v1.0.7
[INFO] [stderr]     Checking idna v0.1.5
[INFO] [stderr]     Checking idna v0.2.0
[INFO] [stderr]     Checking base64 v0.10.1
[INFO] [stderr]     Checking iovec v0.1.4
[INFO] [stderr]     Checking net2 v0.2.35
[INFO] [stderr]     Checking num_cpus v1.13.0
[INFO] [stderr]     Checking rand_os v0.1.3
[INFO] [stderr]     Checking hostname v0.3.1
[INFO] [stderr]     Checking socket2 v0.3.15
[INFO] [stderr]     Checking signal-hook-registry v1.2.1
[INFO] [stderr]     Checking time v0.1.44
[INFO] [stderr]     Checking atty v0.2.14
[INFO] [stderr]     Checking dirs-sys v0.3.5
[INFO] [stderr]     Checking rand v0.4.6
[INFO] [stderr]     Checking xattr v0.2.2
[INFO] [stderr]     Checking filetime v0.2.12
[INFO] [stderr]     Checking terminal_size v0.1.13
[INFO] [stderr]    Compiling quote v0.6.13
[INFO] [stderr]    Compiling mime_guess v2.0.3
[INFO] [stderr]     Checking addr2line v0.13.0
[INFO] [stderr]     Checking url v1.7.2
[INFO] [stderr]     Checking parking_lot_core v0.6.2
[INFO] [stderr]     Checking regex v1.3.9
[INFO] [stderr]     Checking url v2.1.1
[INFO] [stderr]     Checking bytes v0.4.12
[INFO] [stderr]    Compiling const-random-macro v0.1.8
[INFO] [stderr]     Checking resolv-conf v0.6.3
[INFO] [stderr]     Checking threadpool v1.8.1
[INFO] [stderr]     Checking mio v0.6.22
[INFO] [stderr]     Checking tokio-executor v0.1.10
[INFO] [stderr]     Checking rand_core v0.5.1
[INFO] [stderr]     Checking clap v2.33.3
[INFO] [stderr]     Checking tokio-sync v0.2.0-alpha.6
[INFO] [stderr]     Checking dirs v2.0.2
[INFO] [stderr]     Checking flate2 v1.0.17
[INFO] [stderr]     Checking tar v0.4.30
[INFO] [stderr]     Checking backtrace v0.3.50
[INFO] [stderr]     Checking parking_lot v0.9.0
[INFO] [stderr]     Checking tempdir v0.3.7
[INFO] [stderr]     Checking tokio-io v0.1.13
[INFO] [stderr]     Checking http v0.1.21
[INFO] [stderr]     Checking string v0.2.1
[INFO] [stderr]     Checking tokio-timer v0.2.13
[INFO] [stderr]     Checking tokio-current-thread v0.1.7
[INFO] [stderr]     Checking rand_chacha v0.2.2
[INFO] [stderr]     Checking const-random v0.1.8
[INFO] [stderr]     Checking tokio-executor v0.2.0-alpha.6
[INFO] [stderr]     Checking env_logger v0.7.1
[INFO] [stderr]     Checking mio-uds v0.6.8
[INFO] [stderr]     Checking ahash v0.2.18
[INFO] [stderr]     Checking brotli2 v0.3.2
[INFO] [stderr]     Checking rand v0.7.3
[INFO] [stderr]     Checking chrono v0.4.15
[INFO] [stderr]     Checking tokio-reactor v0.1.12
[INFO] [stderr]     Checking tokio-codec v0.1.2
[INFO] [stderr]     Checking pretty_env_logger v0.4.0
[INFO] [stderr]     Checking actix-codec v0.1.2
[INFO] [stderr]     Checking tokio-tcp v0.1.4
[INFO] [stderr]     Checking tokio-udp v0.1.6
[INFO] [stderr]     Checking tokio-signal v0.2.9
[INFO] [stderr]     Checking actix-utils v0.4.7
[INFO] [stderr]     Checking actix-server-config v0.1.2
[INFO] [stderr]     Checking h2 v0.1.26
[INFO] [stderr]    Compiling synstructure v0.12.4
[INFO] [stderr]    Compiling serde_derive v1.0.116
[INFO] [stderr]    Compiling pin-project-internal v0.4.23
[INFO] [stderr]    Compiling v_escape_derive v0.5.6
[INFO] [stderr]    Compiling actix-web-codegen v0.1.3
[INFO] [stderr]    Compiling structopt-derive v0.4.10
[INFO] [stderr]    Compiling derive_more v0.99.10
[INFO] [stderr]    Compiling derive_more v0.15.0
[INFO] [stderr]    Compiling enum-as-inner v0.2.1
[INFO] [stderr]    Compiling include-flate-codegen v0.1.3
[INFO] [stderr]     Checking failure v0.1.8
[INFO] [stderr]     Checking v_escape v0.7.4
[INFO] [stderr]     Checking trust-dns-proto v0.7.4
[INFO] [stderr]     Checking include-flate-codegen-exports v0.1.3
[INFO] [stderr]     Checking include-flate v0.1.3
[INFO] [stderr]     Checking structopt v0.3.17
[INFO] [stderr]     Checking pin-project v0.4.23
[INFO] [stderr]     Checking tokio-io v0.2.0-alpha.6
[INFO] [stderr]     Checking tokio-fs v0.2.0-alpha.6
[INFO] [stderr]     Checking trust-dns-resolver v0.11.1
[INFO] [stderr]     Checking actix-threadpool v0.1.2
[INFO] [stderr]     Checking actix-rt v0.2.6
[INFO] [stderr]     Checking actix-connect v0.2.5
[INFO] [stderr]     Checking actix-server v0.6.1
[INFO] [stderr]     Checking actix-testing v0.1.0
[INFO] [stderr]     Checking serde_json v1.0.57
[INFO] [stderr]     Checking serde_urlencoded v0.6.1
[INFO] [stderr]     Checking actix-router v0.1.5
[INFO] [stderr]     Checking actix-http v0.2.11
[INFO] [stderr]     Checking awc v0.2.8
[INFO] [stderr]     Checking actix-web v1.0.9
[INFO] [stderr]     Checking actix-files v0.1.7
[INFO] [stderr]     Checking fstree v0.1.0 (/opt/rustwide/workdir)
[INFO] [stdout] error: couldn't read /opt/rustwide/workdir/web/fstree-web.tar.gz: No such file or directory (os error 2)
[INFO] [stdout]   --> src/web.rs:46:15
[INFO] [stdout]    |
[INFO] [stdout] 46 |       let tgz = include_bytes!(concat!(
[INFO] [stdout]    |  _______________^
[INFO] [stdout] 47 | |         env!("CARGO_MANIFEST_DIR"),
[INFO] [stdout] 48 | |         "/web/fstree-web.tar.gz"
[INFO] [stdout] 49 | |     ));
[INFO] [stdout]    | |______^
[INFO] [stdout]    |
[INFO] [stdout]    = note: this error originates in a macro (in Nightly builds, run with -Z macro-backtrace for more info)
[INFO] [stdout] 
[INFO] [stdout] 
[INFO] [stdout] error[E0432]: unresolved import `tokio::timer`
[INFO] [stdout]   --> src/main.rs:25:5
[INFO] [stdout]    |
[INFO] [stdout] 25 | use tokio::timer;
[INFO] [stdout]    |     ^^^^^^^^^^^^ no `timer` in the root
[INFO] [stdout] 
[INFO] [stdout] 
[INFO] [stdout] error[E0432]: unresolved import `tokio::fs`
[INFO] [stdout]   --> src/history.rs:27:5
[INFO] [stdout]    |
[INFO] [stdout] 27 | use tokio::fs;
[INFO] [stdout]    |     ^^^^^^^^^ no `fs` in the root
[INFO] [stdout] 
[INFO] [stdout] 
[INFO] [stdout] error[E0433]: failed to resolve: could not find `main` in `tokio`
[INFO] [stdout]   --> src/main.rs:37:10
[INFO] [stdout]    |
[INFO] [stdout] 37 | #[tokio::main]
[INFO] [stdout]    |          ^^^^ could not find `main` in `tokio`
[INFO] [stdout] 
[INFO] [stdout] 
[INFO] [stdout] error: couldn't read /opt/rustwide/workdir/web/fstree-web.tar.gz: No such file or directory (os error 2)
[INFO] [stdout]   --> src/web.rs:46:15
[INFO] [stdout]    |
[INFO] [stdout] 46 |       let tgz = include_bytes!(concat!(
[INFO] [stdout]    |  _______________^
[INFO] [stdout] 47 | |         env!("CARGO_MANIFEST_DIR"),
[INFO] [stdout] 48 | |         "/web/fstree-web.tar.gz"
[INFO] [stdout] 49 | |     ));
[INFO] [stdout]    | |______^
[INFO] [stdout]    |
[INFO] [stdout]    = note: this error originates in a macro (in Nightly builds, run with -Z macro-backtrace for more info)
[INFO] [stdout] 
[INFO] [stdout] 
[INFO] [stdout] error[E0432]: unresolved import `tokio::timer`
[INFO] [stdout]   --> src/main.rs:25:5
[INFO] [stdout]    |
[INFO] [stdout] 25 | use tokio::timer;
[INFO] [stdout]    |     ^^^^^^^^^^^^ no `timer` in the root
[INFO] [stdout] 
[INFO] [stdout] 
[INFO] [stdout] error[E0432]: unresolved import `tokio::fs`
[INFO] [stdout]   --> src/history.rs:27:5
[INFO] [stdout]    |
[INFO] [stdout] 27 | use tokio::fs;
[INFO] [stdout]    |     ^^^^^^^^^ no `fs` in the root
[INFO] [stdout] 
[INFO] [stdout] 
[INFO] [stdout] error[E0433]: failed to resolve: could not find `main` in `tokio`
[INFO] [stdout]   --> src/main.rs:37:10
[INFO] [stdout]    |
[INFO] [stdout] 37 | #[tokio::main]
[INFO] [stdout]    |          ^^^^ could not find `main` in `tokio`
[INFO] [stdout] 
[INFO] [stdout] 
[INFO] [stdout] error[E0412]: cannot find type `Error` in module `io`
[INFO] [stdout]   --> src/crawl.rs:83:15
[INFO] [stdout]    |
[INFO] [stdout] 83 | impl From<io::Error> for Node {
[INFO] [stdout]    |               ^^^^^ not found in `io`
[INFO] [stdout]    |
[INFO] [stdout] help: consider importing one of these items
[INFO] [stdout]    |
[INFO] [stdout] 17 | use actix_web::Error;
[INFO] [stdout]    |
[INFO] [stdout] 17 | use actix_web::http::Error;
[INFO] [stdout]    |
[INFO] [stdout] 17 | use core::fmt::Error;
[INFO] [stdout]    |
[INFO] [stdout] 17 | use crate::result::Error;
[INFO] [stdout]    |
[INFO] [stdout]      and 11 other candidates
[INFO] [stdout] 
[INFO] [stdout] 
[INFO] [stdout] error[E0412]: cannot find type `Error` in module `io`
[INFO] [stdout]   --> src/crawl.rs:84:24
[INFO] [stdout]    |
[INFO] [stdout] 84 |     fn from(error: io::Error) -> Node {
[INFO] [stdout]    |                        ^^^^^ not found in `io`
[INFO] [stdout]    |
[INFO] [stdout] help: consider importing one of these items
[INFO] [stdout]    |
[INFO] [stdout] 17 | use actix_web::Error;
[INFO] [stdout]    |
[INFO] [stdout] 17 | use actix_web::http::Error;
[INFO] [stdout]    |
[INFO] [stdout] 17 | use core::fmt::Error;
[INFO] [stdout]    |
[INFO] [stdout] 17 | use crate::result::Error;
[INFO] [stdout]    |
[INFO] [stdout]      and 11 other candidates
[INFO] [stdout] 
[INFO] [stdout] 
[INFO] [stdout] error[E0412]: cannot find type `Error` in module `io`
[INFO] [stdout]    --> src/crawl.rs:160:15
[INFO] [stdout]     |
[INFO] [stdout] 160 | impl From<io::Error> for StaticError {
[INFO] [stdout]     |               ^^^^^ not found in `io`
[INFO] [stdout]     |
[INFO] [stdout] help: consider importing one of these items
[INFO] [stdout]     |
[INFO] [stdout] 17  | use actix_web::Error;
[INFO] [stdout]     |
[INFO] [stdout] 17  | use actix_web::http::Error;
[INFO] [stdout]     |
[INFO] [stdout] 17  | use core::fmt::Error;
[INFO] [stdout]     |
[INFO] [stdout] 17  | use crate::result::Error;
[INFO] [stdout]     |
[INFO] [stdout]       and 11 other candidates
[INFO] [stdout] 
[INFO] [stdout] 
[INFO] [stdout] error[E0412]: cannot find type `Error` in module `io`
[INFO] [stdout]    --> src/crawl.rs:161:22
[INFO] [stdout]     |
[INFO] [stdout] 161 |     fn from(err: io::Error) -> Self {
[INFO] [stdout]     |                      ^^^^^ not found in `io`
[INFO] [stdout]     |
[INFO] [stdout] help: consider importing one of these items
[INFO] [stdout]     |
[INFO] [stdout] 17  | use actix_web::Error;
[INFO] [stdout]     |
[INFO] [stdout] 17  | use actix_web::http::Error;
[INFO] [stdout]     |
[INFO] [stdout] 17  | use core::fmt::Error;
[INFO] [stdout]     |
[INFO] [stdout] 17  | use crate::result::Error;
[INFO] [stdout]     |
[INFO] [stdout]       and 11 other candidates
[INFO] [stdout] 
[INFO] [stdout] 
[INFO] [stdout] error[E0412]: cannot find type `Result` in module `io`
[INFO] [stdout]    --> src/crawl.rs:341:16
[INFO] [stdout]     |
[INFO] [stdout] 341 |     entry: io::Result<fs::DirEntry>,
[INFO] [stdout]     |                ^^^^^^ not found in `io`
[INFO] [stdout]     |
[INFO] [stdout] help: consider importing one of these items
[INFO] [stdout]     |
[INFO] [stdout] 17  | use actix_web::Result;
[INFO] [stdout]     |
[INFO] [stdout] 17  | use core::fmt::Result;
[INFO] [stdout]     |
[INFO] [stdout] 17  | use core::result::Result;
[INFO] [stdout]     |
[INFO] [stdout] 17  | use crate::Result;
[INFO] [stdout]     |
[INFO] [stdout]       and 9 other candidates
[INFO] [stdout] 
[INFO] [stdout] 
[INFO] [stdout] error[E0412]: cannot find type `Result` in module `io`
[INFO] [stdout]    --> src/crawl.rs:357:16
[INFO] [stdout]     |
[INFO] [stdout] 357 |     entry: io::Result<fs::DirEntry>,
[INFO] [stdout]     |                ^^^^^^ not found in `io`
[INFO] [stdout]     |
[INFO] [stdout] help: consider importing one of these items
[INFO] [stdout]     |
[INFO] [stdout] 17  | use actix_web::Result;
[INFO] [stdout]     |
[INFO] [stdout] 17  | use core::fmt::Result;
[INFO] [stdout]     |
[INFO] [stdout] 17  | use core::result::Result;
[INFO] [stdout]     |
[INFO] [stdout] 17  | use crate::Result;
[INFO] [stdout]     |
[INFO] [stdout]       and 9 other candidates
[INFO] [stdout] 
[INFO] [stdout] 
[INFO] [stdout] error[E0412]: cannot find type `Result` in module `io`
[INFO] [stdout]    --> src/crawl.rs:359:10
[INFO] [stdout]     |
[INFO] [stdout] 359 | ) -> io::Result<Node> {
[INFO] [stdout]     |          ^^^^^^ not found in `io`
[INFO] [stdout]     |
[INFO] [stdout] help: consider importing one of these items
[INFO] [stdout]     |
[INFO] [stdout] 17  | use actix_web::Result;
[INFO] [stdout]     |
[INFO] [stdout] 17  | use core::fmt::Result;
[INFO] [stdout]     |
[INFO] [stdout] 17  | use core::result::Result;
[INFO] [stdout]     |
[INFO] [stdout] 17  | use crate::Result;
[INFO] [stdout]     |
[INFO] [stdout]       and 9 other candidates
[INFO] [stdout] 
[INFO] [stdout] 
[INFO] [stdout] error[E0412]: cannot find type `Result` in module `io`
[INFO] [stdout]    --> src/crawl.rs:420:71
[INFO] [stdout]     |
[INFO] [stdout] 420 | async fn metadata_to_size(path: &PathBuf, metadata: &Metadata) -> io::Result<Size> {
[INFO] [stdout]     |                                                                       ^^^^^^ not found in `io`
[INFO] [stdout]     |
[INFO] [stdout] help: consider importing one of these items
[INFO] [stdout]     |
[INFO] [stdout] 17  | use actix_web::Result;
[INFO] [stdout]     |
[INFO] [stdout] 17  | use core::fmt::Result;
[INFO] [stdout]     |
[INFO] [stdout] 17  | use core::result::Result;
[INFO] [stdout]     |
[INFO] [stdout] 17  | use crate::Result;
[INFO] [stdout]     |
[INFO] [stdout]       and 9 other candidates
[INFO] [stdout] 
[INFO] [stdout] 
[INFO] [stdout] error[E0412]: cannot find type `Error` in module `io`
[INFO] [stdout]   --> src/crawl.rs:83:15
[INFO] [stdout]    |
[INFO] [stdout] 83 | impl From<io::Error> for Node {
[INFO] [stdout]    |               ^^^^^ not found in `io`
[INFO] [stdout]    |
[INFO] [stdout] help: consider importing one of these items
[INFO] [stdout]    |
[INFO] [stdout] 17 | use actix_web::Error;
[INFO] [stdout]    |
[INFO] [stdout] 17 | use actix_web::http::Error;
[INFO] [stdout]    |
[INFO] [stdout] 17 | use core::fmt::Error;
[INFO] [stdout]    |
[INFO] [stdout] 17 | use crate::result::Error;
[INFO] [stdout]    |
[INFO] [stdout]      and 11 other candidates
[INFO] [stdout] 
[INFO] [stdout] 
[INFO] [stdout] error[E0412]: cannot find type `Error` in module `io`
[INFO] [stdout]   --> src/crawl.rs:84:24
[INFO] [stdout]    |
[INFO] [stdout] 84 |     fn from(error: io::Error) -> Node {
[INFO] [stdout]    |                        ^^^^^ not found in `io`
[INFO] [stdout]    |
[INFO] [stdout] help: consider importing one of these items
[INFO] [stdout]    |
[INFO] [stdout] 17 | use actix_web::Error;
[INFO] [stdout]    |
[INFO] [stdout] 17 | use actix_web::http::Error;
[INFO] [stdout]    |
[INFO] [stdout] 17 | use core::fmt::Error;
[INFO] [stdout]    |
[INFO] [stdout] 17 | use crate::result::Error;
[INFO] [stdout]    |
[INFO] [stdout]      and 11 other candidates
[INFO] [stdout] 
[INFO] [stdout] 
[INFO] [stdout] error[E0412]: cannot find type `Error` in module `io`
[INFO] [stdout]    --> src/crawl.rs:160:15
[INFO] [stdout]     |
[INFO] [stdout] 160 | impl From<io::Error> for StaticError {
[INFO] [stdout]     |               ^^^^^ not found in `io`
[INFO] [stdout]     |
[INFO] [stdout] help: consider importing one of these items
[INFO] [stdout]     |
[INFO] [stdout] 17  | use actix_web::Error;
[INFO] [stdout]     |
[INFO] [stdout] 17  | use actix_web::http::Error;
[INFO] [stdout]     |
[INFO] [stdout] 17  | use core::fmt::Error;
[INFO] [stdout]     |
[INFO] [stdout] 17  | use crate::result::Error;
[INFO] [stdout]     |
[INFO] [stdout]       and 11 other candidates
[INFO] [stdout] 
[INFO] [stdout] 
[INFO] [stdout] error[E0412]: cannot find type `Error` in module `io`
[INFO] [stdout]    --> src/crawl.rs:161:22
[INFO] [stdout]     |
[INFO] [stdout] 161 |     fn from(err: io::Error) -> Self {
[INFO] [stdout]     |                      ^^^^^ not found in `io`
[INFO] [stdout]     |
[INFO] [stdout] help: consider importing one of these items
[INFO] [stdout]     |
[INFO] [stdout] 17  | use actix_web::Error;
[INFO] [stdout]     |
[INFO] [stdout] 17  | use actix_web::http::Error;
[INFO] [stdout]     |
[INFO] [stdout] 17  | use core::fmt::Error;
[INFO] [stdout]     |
[INFO] [stdout] 17  | use crate::result::Error;
[INFO] [stdout]     |
[INFO] [stdout]       and 11 other candidates
[INFO] [stdout] 
[INFO] [stdout] 
[INFO] [stdout] error[E0412]: cannot find type `Result` in module `io`
[INFO] [stdout]    --> src/crawl.rs:341:16
[INFO] [stdout]     |
[INFO] [stdout] 341 |     entry: io::Result<fs::DirEntry>,
[INFO] [stdout]     |                ^^^^^^ not found in `io`
[INFO] [stdout]     |
[INFO] [stdout] help: consider importing one of these items
[INFO] [stdout]     |
[INFO] [stdout] 17  | use actix_web::Result;
[INFO] [stdout]     |
[INFO] [stdout] 17  | use core::fmt::Result;
[INFO] [stdout]     |
[INFO] [stdout] 17  | use core::result::Result;
[INFO] [stdout]     |
[INFO] [stdout] 17  | use crate::Result;
[INFO] [stdout]     |
[INFO] [stdout]       and 9 other candidates
[INFO] [stdout] 
[INFO] [stdout] 
[INFO] [stdout] error[E0412]: cannot find type `Result` in module `io`
[INFO] [stdout]    --> src/crawl.rs:357:16
[INFO] [stdout]     |
[INFO] [stdout] 357 |     entry: io::Result<fs::DirEntry>,
[INFO] [stdout]     |                ^^^^^^ not found in `io`
[INFO] [stdout]     |
[INFO] [stdout] help: consider importing one of these items
[INFO] [stdout]     |
[INFO] [stdout] 17  | use actix_web::Result;
[INFO] [stdout]     |
[INFO] [stdout] 17  | use core::fmt::Result;
[INFO] [stdout]     |
[INFO] [stdout] 17  | use core::result::Result;
[INFO] [stdout]     |
[INFO] [stdout] 17  | use crate::Result;
[INFO] [stdout]     |
[INFO] [stdout]       and 9 other candidates
[INFO] [stdout] 
[INFO] [stdout] 
[INFO] [stdout] error[E0412]: cannot find type `Result` in module `io`
[INFO] [stdout]    --> src/crawl.rs:359:10
[INFO] [stdout]     |
[INFO] [stdout] 359 | ) -> io::Result<Node> {
[INFO] [stdout]     |          ^^^^^^ not found in `io`
[INFO] [stdout]     |
[INFO] [stdout] help: consider importing one of these items
[INFO] [stdout]     |
[INFO] [stdout] 17  | use actix_web::Result;
[INFO] [stdout]     |
[INFO] [stdout] 17  | use core::fmt::Result;
[INFO] [stdout]     |
[INFO] [stdout] 17  | use core::result::Result;
[INFO] [stdout]     |
[INFO] [stdout] 17  | use crate::Result;
[INFO] [stdout]     |
[INFO] [stdout]       and 9 other candidates
[INFO] [stdout] 
[INFO] [stdout] 
[INFO] [stdout] error[E0412]: cannot find type `Result` in module `io`
[INFO] [stdout]    --> src/crawl.rs:420:71
[INFO] [stdout]     |
[INFO] [stdout] 420 | async fn metadata_to_size(path: &PathBuf, metadata: &Metadata) -> io::Result<Size> {
[INFO] [stdout]     |                                                                       ^^^^^^ not found in `io`
[INFO] [stdout]     |
[INFO] [stdout] help: consider importing one of these items
[INFO] [stdout]     |
[INFO] [stdout] 17  | use actix_web::Result;
[INFO] [stdout]     |
[INFO] [stdout] 17  | use core::fmt::Result;
[INFO] [stdout]     |
[INFO] [stdout] 17  | use core::result::Result;
[INFO] [stdout]     |
[INFO] [stdout] 17  | use crate::Result;
[INFO] [stdout]     |
[INFO] [stdout]       and 9 other candidates
[INFO] [stdout] 
[INFO] [stdout] 
[INFO] [stdout] error[E0282]: type annotations needed
[INFO] [stdout]    --> src/crawl.rs:272:28
[INFO] [stdout]     |
[INFO] [stdout] 272 |         Err(err) => return err.into(),
[INFO] [stdout]     |                            ^^^ cannot infer type
[INFO] [stdout]     |
[INFO] [stdout]     = note: type must be known at this point
[INFO] [stdout] 
[INFO] [stdout] 
[INFO] [stdout] error[E0282]: type annotations needed
[INFO] [stdout]    --> src/crawl.rs:421:16
[INFO] [stdout]     |
[INFO] [stdout] 421 |     let real = filesize::file_real_size_fast(path, metadata)?;
[INFO] [stdout]     |                ^^^^^^^^^^^^^^^^^^^^^^^^^^^^^^^^^^^^^^^^^^^^^^ cannot infer type
[INFO] [stdout] 
[INFO] [stdout] 
[INFO] [stdout] error[E0277]: `main` has invalid return type `impl std::future::Future`
[INFO] [stdout]   --> src/main.rs:38:20
[INFO] [stdout]    |
[INFO] [stdout] 38 | async fn main() -> Result {
[INFO] [stdout]    |                    ^^^^^^ `main` can only return types that implement `Termination`
[INFO] [stdout]    |
[INFO] [stdout]    = help: consider using `()`, or a `Result`
[INFO] [stdout] 
[INFO] [stdout] 
[INFO] [stdout] error[E0282]: type annotations needed
[INFO] [stdout]    --> src/crawl.rs:272:28
[INFO] [stdout]     |
[INFO] [stdout] 272 |         Err(err) => return err.into(),
[INFO] [stdout]     |                            ^^^ cannot infer type
[INFO] [stdout]     |
[INFO] [stdout]     = note: type must be known at this point
[INFO] [stdout] 
[INFO] [stdout] 
[INFO] [stdout] error[E0282]: type annotations needed
[INFO] [stdout]    --> src/crawl.rs:421:16
[INFO] [stdout]     |
[INFO] [stdout] 421 |     let real = filesize::file_real_size_fast(path, metadata)?;
[INFO] [stdout]     |                ^^^^^^^^^^^^^^^^^^^^^^^^^^^^^^^^^^^^^^^^^^^^^^ cannot infer type
[INFO] [stdout] 
[INFO] [stdout] 
[INFO] [stdout] warning: unused import: `futures_util::stream::StreamExt`
[INFO] [stdout]   --> src/history.rs:24:5
[INFO] [stdout]    |
[INFO] [stdout] 24 | use futures_util::stream::StreamExt;
[INFO] [stdout]    |     ^^^^^^^^^^^^^^^^^^^^^^^^^^^^^^^
[INFO] [stdout]    |
[INFO] [stdout]    = note: `#[warn(unused_imports)]` on by default
[INFO] [stdout] 
[INFO] [stdout] 
[INFO] [stdout] error: aborting due to 14 previous errors; 1 warning emitted
[INFO] [stdout] 
[INFO] [stdout] 
[INFO] [stdout] Some errors have detailed explanations: E0282, E0412, E0432, E0433.
[INFO] [stdout] 
[INFO] [stdout] For more information about an error, try `rustc --explain E0282`.
[INFO] [stdout] 
[INFO] [stderr] error: could not compile `fstree`.
[INFO] [stderr] 
[INFO] [stderr] To learn more, run the command again with --verbose.
[INFO] [stderr] warning: build failed, waiting for other jobs to finish...
[INFO] [stdout] warning: unused import: `futures_util::stream::StreamExt`
[INFO] [stdout]   --> src/history.rs:24:5
[INFO] [stdout]    |
[INFO] [stdout] 24 | use futures_util::stream::StreamExt;
[INFO] [stdout]    |     ^^^^^^^^^^^^^^^^^^^^^^^^^^^^^^^
[INFO] [stdout]    |
[INFO] [stdout]    = note: `#[warn(unused_imports)]` on by default
[INFO] [stdout] 
[INFO] [stdout] 
[INFO] [stdout] error[E0752]: `main` function is not allowed to be `async`
[INFO] [stdout]   --> src/main.rs:38:1
[INFO] [stdout]    |
[INFO] [stdout] 38 | async fn main() -> Result {
[INFO] [stdout]    | ^^^^^^^^^^^^^^^^^^^^^^^^^ `main` function is not allowed to be `async`
[INFO] [stdout] 
[INFO] [stdout] 
[INFO] [stdout] error: aborting due to 16 previous errors; 1 warning emitted
[INFO] [stdout] 
[INFO] [stdout] 
[INFO] [stdout] Some errors have detailed explanations: E0277, E0282, E0412, E0432, E0433, E0752.
[INFO] [stdout] 
[INFO] [stdout] For more information about an error, try `rustc --explain E0277`.
[INFO] [stdout] 
[INFO] [stderr] error: build failed
[INFO] running `Command { std: "docker" "inspect" "b7dc5629d57548429818f3a8287812557dcfa67f0c77006e2c7571911cebfcc6", kill_on_drop: false }`
[INFO] running `Command { std: "docker" "rm" "-f" "b7dc5629d57548429818f3a8287812557dcfa67f0c77006e2c7571911cebfcc6", kill_on_drop: false }`
[INFO] [stdout] b7dc5629d57548429818f3a8287812557dcfa67f0c77006e2c7571911cebfcc6
